5, 0 = -5*o + 15. Suppose 4*l + 22 = 4*u + 42, -u = -3*l + 25. Let r = s - l. What is the units digit of r?
5
Let n = 6272 + 40783. What is the hundreds digit of n?
0
What is the units digit of (-4)/(-8)*10*(-511184)/(-215)?
8
Suppose -2*p - 8486 = -g, -198*g + 200*g + 3*p - 17007 = 0. What is the tens digit of g?
9
Let l = 4 - 5. Let h = l + 333. What is the tens digit of h?
3
Let u = 8417 + -4515. What is the thousands digit of u?
3
Suppose -84 = -2*n - c, 14*n + 5*c = 19*n - 210. Suppose -12*r = -138 + n. What is the units digit of r?
8
Suppose 46 + 968 = 3*b. Let o = b + -151. What is the units digit of o?
7
Let j(b) = 42*b**2 + 13*b + 32. Let f be 48/(-7) + (-30)/(-35). What is the units digit of j(f)?
6
Let u = -372 - -377. Suppose 5*w - 1325 = -4*z, 372 + 1309 = u*z - 2*w. What is the hundreds digit of z?
3
Suppose -3*j - 3*u = -213 + 36, -2*j + 5*u = -146. Let g(k) = -82*k + 48*k + 12 + j*k - 14*k**2 - k**3. What is the tens digit of g(-16)?
6
Let r = 40 - 28. Suppose -3*k - r = 3. What is the units digit of (4 + (-45)/k)*3?
9
Let x(t) = -t**3 - 13*t**2 - 2*t - 22. Let y be x(-13). Suppose 2*z + 311 = -3*m + 6*m, 0 = y*z - 5*m + 623. Let d = 36 - z. What is the hundreds digit of d?
1
Let z(n) = 21 + 2*n - 40*n - 9 - 161*n + 13. What is the hundreds digit of z(-3)?
6
Suppose 4*f - 11 - 9 = 0. Suppose -3*p + 3*n = -576, p = 4*p - f*n - 580. What is the units digit of p?
0
Let s be (-10)/(-2)*660/25. Suppose 50*m = 48*m + s. Let f = m + -25. What is the tens digit of f?
4
Suppose 584107 - 4917511 = -28*v - 81*v. What is the hundreds digit of v?
7
Let u be 49/(7/(-1)) + 10. Suppose -4*p + 5*q = -1958, 18*p - 21*p = u*q - 1482. What is the hundreds digit of p?
4
Suppose 0 = -n - 4*q - 3, 107*n + q + 12 = 109*n. What is the units digit of n + 215/(-45) - 1025/(-45)?
3
What is the hundreds digit of 12839375/525 + (1352/168 - 8)?
4
Suppose v = 4*b - 3 + 14, -2*v = -3*b - 12. Suppose -v*c = r - 3251, -c - 6*r + 1097 = -3*r. What is the tens digit of c?
8
Let i(j) = 36*j**2 + j - 2. Let l be i(1). Suppose l = v - 7. Let r = 48 - v. What is the units digit of r?
6
Let p be 4*(-5164)/(-96) + (-1)/6. Suppose -v + 2*k = -240, -2*v = -3*v - 3*k + p. What is the units digit of v?
0
Let n = 252 + -247. What is the tens digit of (-4 - ((-1245)/3)/n) + 0?
7
Suppose -3*a + 35059 + 81035 = 687. What is the tens digit of a?
6
Let f(a) = 934*a**2 + 26*a - 333. What is the thousands digit of f(10)?
3
Suppose 9*t - 48 = -21. Suppose 0 = 5*o - 3*g + 5*g - 2864, 3*g = -t*o + 1713. What is the hundreds digit of o?
5
Let w = 1156 - 96. Suppose -i - 9*i = w. Let j = -73 - i. What is the tens digit of j?
3
Suppose 2*q - 3*k + 116 = 0, -4*q - k + 60 = -5*q. Let z = q - 19. Let g = z + 126. What is the tens digit of g?
4
Suppose -131*y + 88925 + 86746 = 0. What is the hundreds digit of y?
3
Suppose -69*o - 163308 = -4046401 - 1891241. What is the units digit of o?
6
Suppose 3*h = -2*r + 10, 1 = -h - 3*r + 2. Suppose -h = -3*d + 104. What is the units digit of (-3 - (-3 - 2))*d?
2
Suppose 234*i - 327*i + 307830 = 0. What is the hundreds digit of i?
3
Let l be ((-10)/(-4) - 0)/((-5)/(-10)). Suppose l*x - 3213 = -s, 3*x - 3*s = x + 1275. What is the tens digit of x?
4
Let z = 99701 - 67277. What is the units digit of z?
4
Suppose 2 = -2*t + u, 0 = 3*t + 14*u - 18*u + 8. What is the hundreds digit of t + -1 + 4 - 7*-50?
3
Let t(r) = r**3 + 8*r**2 + 13*r + 13. Let n be ((-210)/(-175))/(1/(-5)). Let b be t(n). Suppose 888 + 141 = b*a. What is the units digit of a?
7
Let k = 467 + -463. Suppose -k*z = -13*z + 3852. What is the tens digit of z?
2
Suppose -5*o = -19153 - 36392. What is the tens digit of o?
0
Let g(m) = -3*m**3 - m**2 - m - 7. Let s be g(0). What is the units digit of (0 + s/(-2))*4740/105?
8
Let w = 933 - -1257. What is the units digit of w?
0
Suppose 137*b = 95*b + 202524. What is the tens digit of b?
2
Suppose -1369*r + 1422*r - 472336 = 0. What is the units digit of r?
2
Suppose -5*q + 2*r = -0*q - 795, -2*r - 473 = -3*q. Suppose -39 = -8*s - 7. Suppose 3*a - q = -s*n, 12 = 5*a - a. What is the units digit of n?
8
Let h = 134179 - 77129. What is the hundreds digit of h?
0
Suppose 31*j - 535483 = 564180. What is the tens digit of j?
7
Let i(c) = -62*c - 171. Suppose -v = 4*u + 22, 0 = 2*v - 0*u - 5*u + 31. What is the tens digit of i(v)?
4
Suppose -4*u + 5*t = -4193, 3*t - 1963 + 5107 = 3*u. What is the hundreds digit of u?
0
Let o be (-2*1)/((-2)/(-1)) + -9. Let r(p) = p**3 + 11*p**2 + 9*p - 8. Let i be r(o). Let q = i + 36. What is the units digit of q?
8
Let v(l) = -3*l**2 - 9*l - 12. Let p be v(-4). What is the units digit of ((-198)/(-4))/((-12)/p)?
9
Let i(x) = -8*x + 1. Let s(j) = j**2 + 9*j. Let v(b) = 4*i(b) + 3*s(b). Let w be v(2). What is the units digit of (w/(-9))/((-4)/330)?
5
Let g = 35675 - 8366. What is the thousands digit of g?
7
Suppose 24693 = 5*l - 2*a, 9024 = 2*l + 2*a - 842. What is the hundreds digit of l?
9
Let i be 6 - 2 - (9 - 488). Let a = i - 242. What is the hundreds digit of a?
2
Let b(n) = -n**3 + n**2 + 9*n + 3. Suppose -10*k + 12*k - 8 = 0. Let l be b(k). What is the tens digit of l + 5 - -7 - -227?
3
Let g(f) = -f**3 - 14*f**2 - f - 12. Let c be g(-14). Suppose -c*u - 2*d = -7*d - 614, -1214 = -4*u + 3*d. What is the hundreds digit of u?
3
Let w(n) = -2*n - 11*n**2 - 23*n**3 - 10*n - 7 - n**2 + 22*n**3. Let k be w(-11). Suppose k*d = 78 + 290. What is the units digit of d?
2
Let p(w) = 10*w + 65. Let t be p(17). Let x = t - -331. What is the tens digit of x?
6
Let d = 515 + -509. Let p(t) = 182*t + 7. What is the thousands digit of p(d)?
1
What is the hundreds digit of (1/((-15)/(-17742)))/((-82)/(-3485))?
2
Let y(o) = o**3 - 2*o**2 + 22*o + 15275. What is the tens digit of y(0)?
7
Suppose -5*g = p + 3*p - 6219, 2*p = 2*g - 2484. Let z = g + -353. What is the hundreds digit of z?
8
Let z be (67 - 65) + 4/(-1). Let i(l) = -471*l + 7. What is the units digit of i(z)?
9
What is the units digit of (78/4*14/42)/(1/5114)?
1
Let x(m) = 13*m**2 + 126*m - 80. What is the thousands digit of x(-28)?
6
What is the thousands digit of 22/(-44) - (-196818)/12?
6
Suppose 5 = -5*z, 4*n + 2*z + 15592 - 56210 = 0. What is the hundreds digit of n?
1
Let r(a) be the first derivative of -a**4/2 + 23*a**3/3 - 11*a**2 - 18*a + 81. What is the units digit of r(10)?
2
Let t be 360/70*((-7)/(-2) - 0). Suppose 8*g - t + 2 = 0. Suppose -g*v - 723 = -5*v. What is the hundreds digit of v?
2
Suppose 0 = -1938*j + 2035*j - 6797275. What is the ten thousands digit of j?
7
Suppose 23*j - 104136 = 24342. What is the hundreds digit of j?
5
Suppose -4*l = 15*l + 15*l - 102. What is the units digit of l?
3
Let g be ((-10)/(-4))/(13/6 - 2). Let u = -11 + g. Suppose -y + 0*y - h + 22 = 0, h = -u*y + 79. What is the tens digit of y?
1
Let h(j) = 5*j - 25. Let b be h(5). Suppose 3*x + t = 1245, b*t - 3*t = -x + 415. What is the tens digit of x?
1
Let x(j) be the first derivative of j**4/4 - 2*j**3 - 21*j**2/2 + 30*j - 18. What is the units digit of x(12)?
2
Let r(n) = -n**3 + 23*n**2 + 10*n - 28. Suppose -243 = -4*w + 101. Suppose -4*k + 6 = -w. What is the tens digit of r(k)?
0
Let w(j) = -2216*j + 854. What is the thousands digit of w(-2)?
5
Let t(k) = k**2 + 10*k + 2. Let j be t(-9). What is the units digit of (-21 + -58)/(1/j)?
3
Let k(x) = -x**3 + 3*x**2 - 2*x + 6. Let d be (3 - -1) + 9 + -3 + -7. Let c be k(d). What is the tens digit of c - (4 + -1) - -134?
3
Let i(q) = -2372*q + 5072. What is the hundreds digit of i(-12)?
5
Suppose -25*n - 10*n + 65975 = 0. Suppose 27*l - n = 8321. What is the units digit of l?
8
Let u(c) = 1939*c + 3604. What is the tens digit of u(25)?
7
Suppose -v = -n - 22555, -18*v + 17*v = 4*n - 22575. What is the units digit of v?
9
Suppose -2*z + 16 = 0, z - 4198 = -420*b + 418*b. What is the hundreds digit of b?
0
Let t = 8161 + -3512. What is the units digit of t?
9
Let o(l) = -37*l**3 - 4*l**2 + 2*l + 4. Suppose 460*v - 6 = 463*v. What is the tens digit of o(v)?
8
Suppose 21*z - 35 = 7. Suppose z*p - p - 216 = -4*i, -5*p + i = -1059. What is the units digit of p?
2
Let p = -4725 + 12537. What is the tens digit of p?
1
Let b = -6725 - -21682. What is the ten thousands digit of b?
1
Suppose 0 = -4*q - 5*o - 6, -4*q + o - 14 = 2*